5*l - 2. Let i(u) = z*j(u) - 2*t(u). Give i(-3).
-18
Let x(a) be the first derivative of -1/4*a**4 - 31 - 3*a - a**3 - 3/2*a**2. Give x(-2).
-1
Suppose -t + 3*l + 5 = 2*l, 25 = 5*t - 4*l. Let w(p) = p**3 - 3*p**2 - 3*p - 4. Give w(t).
31
Let v(c) = 387*c**3 - 388*c**3 + 2*c**2 + c**2. Give v(2).
4
Let m(b) = -b - 7. Let a be m(-14). Let i(w) = a*w + 0*w - 2 - 6*w. Let g(z) = -2*z + 1. Let d be g(-3). What is i(d)?
5
Let s be (-9)/(-6)*(-12)/72*20. Let w(j) = 5*j + 14. What is w(s)?
-11
Let u be 1/((-2535)/(-635) - 4). Let g = 127 + u. Let z(m) = -m**3 - m + 4. Calculate z(g).
4
Let p(m) be the second derivative of m**3/6 + 10*m. Let h(x) = -2*x - 1. Let l(c) = -h(c) + p(c). Give l(1).
4
Let v(h) be the third derivative of -h**6/720 + h**5/30 + h**4/24 - 17*h**2. Let y(p) be the second derivative of v(p). What is y(6)?
-2
Let l be 420/(-24) - (-36)/(-24). Let g(i) = i**2 + 16*i - 60. What is g(l)?
-3
Let q(w) = -11*w**3 + 2*w**2 - w. Let o = -10 - -8. Let i be o*(-6)/(36/15). Let p be i/5*(0 + 1). Calculate q(p).
-10
Let r(g) = 2*g + 3. Let t be ((-6)/5)/(9/90). Let u be (t - -15)/(0 + -1). What is r(u)?
-3
Let c(h) = 2*h + 1. Let j(o) = -1. Let a(z) = 3*c(z) + 3*j(z). Let y(u) = -u**3 - 2*u**2 - 2*u - 3. Let t = -5 - -3. Let w be y(t). What is a(w)?
6
Let g(j) = -j**2 + j + 5. Let n be g(-3). Let o(i) = 15*i**2 - 5*i + 9. Let p(v) = -7*v**2 + 2*v - 4. Let q(d) = n*p(d) - 3*o(d). Calculate q(-1).
4
Suppose 4 = 3*v - 5. Suppose -10*x = -v - 17. Let u(q) = q. Let s(i) = -7*i. Let t(n) = -5*s(n) - 30*u(n). What is t(x)?
10
Let t(o) be the second derivative of 7*o**3/3 - o**2/2 - o - 4. Give t(-1).
-15
Suppose -k = -k - 4*k. Let p(z) be the third derivative of 0*z + 4*z**2 + k*z**3 + 1/24*z**4 + 0. What is p(2)?
2
Let a(o) = 3*o + 72. Let q be a(-25). Let p(z) = z**2 - z - 4. Calculate p(q).
8
Let v(w) = -2*w + 40. Suppose 55*k = 57*k. Determine v(k).
40
Let t(a) = 3*a - 49. Suppose 469*s = 466*s + 60. Calculate t(s).
11
Let x(s) = 288*s - 862*s - 21 - s**2 + 9 + 282*s + 279*s. Calculate x(-10).
18
Let h(q) = -147*q + 7077 - 7088 + 141*q. What is h(-2)?
1
Let s(k) = k**2 + 6*k. Let c(l) = 2*l**2 + 2*l + 4*l + 6*l. Let y(t) = -3*c(t) + 7*s(t). Let r = -8061 - -8054. Give y(r).
7
Let m(n) = -n + 4*n + 12*n + 5*n - 3. Give m(2).
37
Let w = -25 - -26. Suppose -j = -2*y + w, 3*y + 1 = j + j. Let p(c) = -3*c**3 - c**2 - 7 + y + 5. Give p(1).
-3
Let i(u) = -7*u**3 + 1. Let r(w) = -6*w**3 + 1. Let q(o) = -5*i(o) + 4*r(o). Calculate q(-1).
-12
Let c(d) = -15*d**2 - d + 3. Let v(i) = 13*i**2 - 3. Let s(j) = 6*c(j) + 7*v(j). Determine s(5).
-8
Let w be 0*((-45)/(-30))/(-2 - 1). Let o(d) = d**2 + d + 1. Determine o(w).
1
Let f = -168 + 170. Let k(r) = r**2 - 2*r + 1. What is k(f)?
1
Let y(j) = 2 - 13 + 6 - 2 - 6*j - j**2. Let i(o) = o**3 + 3*o**2 - 4*o - 5. Let n be i(-4). Give y(n).
-2
Let c(w) be the first derivative of -w**2/2 - 2*w + 30. Let n be c(-4). Let h(v) = v**2 - 2*v + 3. What is h(n)?
3
Let u(x) be the third derivative of -x**4/12 + 5*x**3/2 - 277*x**2. Calculate u(6).
3
Let h be (0 + -10)*3*2/(-6). Let v(z) = h + 12 - z - 24. Calculate v(-3).
1
Let x = 5 - 2. Let s(g) = -g**x - 2*g**2 + 7*g**2 + g**2 + 8*g + 4. Let y be (-119)/(-68)*(20/(-5) - -8). What is s(y)?
11
Suppose -14 + 7 = g. Let b(t) = -2*t**3 - 5*t**2 - 29*t - 9. Let z(x) = -x**3 - 2*x**2 - 15*x - 4. Let f(c) = -6*b(c) + 11*z(c). What is f(g)?
-4
Let l(m) = -13*m**3 + m**2 - 11*m + 14. Let p(s) = -15*s**3 - 12*s + 15. Let a(w) = -7*l(w) + 6*p(w). Give a(6).
-14
Let v(r) be the third derivative of -r**6/120 + 2*r**5/15 - r**4/24 + 4*r**3/3 - 448*r**2 - 2*r. Calculate v(8).
0
Let v = -6 + 1. Let p(b) = b**2 + 5*b + 8. Let a be p(-3). Let g(f) = 2 - 3 - f + 6 + a*f. Give g(v).
0
Suppose -68*q + 78*q - 110 = 0. Let p(z) = z - 9. What is p(q)?
2
Let x(n) = -n - 3. Suppose -a - 2*a = -2*t - 19, -2*a = 3*t + 9. Calculate x(a).
-6
Let s be 3*(-1 - 16/6). Let j(m) = -6 + 0*m - 3*m - 6*m + 17*m. Let q(x) = -15*x + 11. Let w(r) = s*j(r) - 6*q(r). What is w(-4)?
-8
Let v = 106 + -111. Let u(h) be the second derivative of -h**5/20 - h**4/3 + h**3/2 - h**2 + 3*h. Determine u(v).
8
Let d(h) = -h - 4. Let q(l) = 6*l**2 - 2*l - 1. Let m be q(2). Let k = -55 - -60. Suppose m = -k*u - 1. Give d(u).
0
Let p(s) = s**2 + 4*s + 1. Let f be ((-20)/36)/(5/(-6))*-6. Determine p(f).
1
Let v(b) = -4*b**3 - 6*b**2 + 3*b - 8. Let z(h) = 5*h**3 + 6*h**2 - h**3 - h**3 - 2*h + 7. Let t(u) = -2*v(u) - 3*z(u). Let i = -92 - -86. Give t(i).
-5
Suppose 3*z + 3 = -2*o, -22*o + 18*o - z = -9. Let g(i) be the second derivative of 5/2*i**2 + 4*i + 1/12*i**4 + 0 - 5/6*i**o. Give g(6).
11
Let s(n) = n**2 + 4. Suppose 4*f + 4*m = 30 - 10, 4*f = -m + 14. Determine s(f).
13
Let s(g) be the second derivative of g**3/2 - 7*g**2 - 54*g. Calculate s(7).
7
Let y(r) be the first derivative of -r**4/4 - 2*r**3/3 + 3*r**2/2 + 1879. Let b(s) = 0*s + 2 + s + 0*s. Let a be b(0). What is y(a)?
-10
Let u(a) = -a**2 - 5*a + 7. Let r(d) = -d**2 - 5*d + 7. Let i(o) = -4*r(o) + 5*u(o). Determine i(-7).
-7
Let k(l) = 5 - l**2 - 17 - 18275*l + 18283*l. Calculate k(5).
3
Let i(o) be the third derivative of o**5/60 + o**4/24 + 5*o**3/3 - o**2. Let s(n) be the first derivative of n**2 + 6. Let f be s(0). What is i(f)?
10
Let c(a) = -a**3 - a**2 - a - 3. Let p be ((-35)/21)/(1 - 8/6). Suppose -2*j - 8 = 2*d, p*d = -0*d + 5*j + 20. Calculate c(d).
-3
Suppose y - 100*u + 95*u - 13 = 0, -y - 8 = 2*u. Let q(c) = 3*c**3 - c**2 - 3*c - 2. Determine q(y).
-24
Let r(y) = -y**3 - y**2 + 2*y + 2. Let a(s) = s**3 - 16*s**2 - 4*s + 3. Let q(g) = a(g) + 2*r(g). What is q(-18)?
7
Let l(k) = k - 13. Suppose g - 5 = -2*d + 7, 3*g - 5*d - 80 = 0. Let h = -14 + g. Calculate l(h).
-7
Let f(s) be the third derivative of -s**4/24 - s**3 - 67*s**2. Let l be (-2)/4*-3*-2. Determine f(l).
-3
Let j(w) be the third derivative of w**4/8 - 4*w**3/3 - 2*w**2. Let g = 19 - -23. Suppose i + 6*i = g. Determine j(i).
10
Suppose 2*h + 21 = -23. Let x = -7 - h. Suppose 3*a + 1 = 2*n, -x = -3*a - 2*a - 5*n. Let b(d) = 10*d**3 - 1. Calculate b(a).
9
Let f(m) = -3*m + 13. Let d = -481 + 485. Determine f(d).
1
Let u(m) be the first derivative of m**4/12 + m**3/2 - 17*m**2 - 4. Let d(k) be the second derivative of u(k). Let q be (-115)/35 + (-2)/(-7). Determine d(q).
-3
Let n(c) = -c**2 - 12*c - 21. Suppose b - 7*q = -12*q - 25, -2*b - 26 = 2*q. Calculate n(b).
-1
Let a(r) be the third derivative of 3*r**4/8 + 5*r**3/6 + r**2 - 51*r. Give a(-5).
-40
Suppose -10*q = 16 + 44. Let u(m) = -m**3 - 7*m**2 - 8*m - 15. Determine u(q).
-3
Let w(d) = -5*d**2 + 1 - 13*d - d**3 + 23*d - 4*d. Suppose 6 = 2*z + z. Suppose -5*x - 55 = 5*f - 0*x, -2 = z*f - 2*x. What is w(f)?
1
Let n(v) = v**3 + 2*v**2 - 5*v - 2. Let y(i) = i**3 + 7*i**2 + 2*i + 11. Let r be y(-7). Calculate n(r).
4
Let h(n) = -14*n**3 + 13*n**3 - 4 + 5*n**2 - 5*n + 0*n**3. Calculate h(4).
-8
Let c(x) be the first derivative of x**4/4 - 5*x**3/3 - x**2/2 - 3*x - 10. Determine c(5).
-8
Suppose -4*v - d + 3 = -3, -v = -4*d + 7. Let r(w) be the first derivative of -9*w**4/4 + w**3/3 - w**2/2 + w + 2307. Give r(v).
-8
Let w(b) = 3*b**2 + 2*b - 4. Let g = 14 + -9. Suppose g + 15 = 5*n. Let a be 36/9*(-3)/n. Determine w(a).
17
Let r(k) be the third derivative of -k**6/120 + 2*k**3/3 + 17*k**2. Let l(c) = -c**3 + c**2 + 4. Let s(o) = 4*l(o) - 5*r(o). Calculate s(-3).
5
Let x(h) = h**2 + h. Let q(s) = 3*s**2 - 19*s - 12. Let n be q(7). Give x(n).
6
Let r(w) = w**3 - 2*w**2 - w + 7. Let o(x) = 7 + x**3 + 0*x + 0 + x**2 - 2*x - 2*x**2. Let g(y) = 5*o(y) - 6*r(y). Determine g(6).
5
Let n(k) = -7*k. Let r(d) = 7*d**3 + 7*d**2 - 4*d - 8. Let w(q) = q**3 + q**2 - q - 1. Let v(z) = r(z) - 6*w(z). Let t be v(0). Calculate n(t).
14
Let i be 1413/129 + 12/258. Let u(q) = -4*q + 36. What is u(i)?
-8
Suppose -3*w + 32 = p, 4*p = 4*w + p - 34. Let y(s) = -s**3 + 9*s**2 + 13*s + 7. What is y(w)?
37
Let n be 2*(1 + (-5)/(-2)). Let p = 10 - n. Let y(o) = p*o - 2 - 1 - 2*o + 4. What is y(0)?
1
Let l(z) = -z**3 + 9*z**2 - z + 12. Suppose 0 = -3*g + 6*g - 45. Let y be g/2*66/55. Give l(y).
3
Suppose 0 = 10*o - 9*o + 23. Let i = -23 - o. Let a(r) = -r**2 - 5. Determine a(i).
-5
Let n(b) = -7*b - 2. Let z be n(-1). Let g(k) = 6*k + 2*k + z + k**2 + 8 - 6. Determin